t is the greatest common divisor of 603 and 448297?
67
Calculate the greatest common divisor of 2831544 and 72.
72
What is the highest common factor of 228 and 4164306?
114
What is the highest common factor of 44 and 137357?
11
Calculate the greatest common factor of 1625 and 2197.
13
Calculate the highest common divisor of 2201 and 6319.
71
What is the greatest common factor of 832 and 120432?
208
Calculate the highest common factor of 1152816 and 564.
564
What is the greatest common divisor of 155502 and 23798?
326
Calculate the greatest common factor of 46 and 47219.
23
Calculate the greatest common factor of 68612 and 476.
68
What is the greatest common divisor of 192 and 2707872?
96
What is the greatest common divisor of 375381 and 108?
27
What is the highest common divisor of 3959 and 5029?
107
Calculate the highest common divisor of 16897 and 7479.
277
What is the highest common factor of 2622840 and 60?
60
Calculate the greatest common divisor of 8 and 9344.
8
Calculate the highest common divisor of 714 and 316778.
238
What is the greatest common divisor of 2046 and 7458?
66
Calculate the greatest common factor of 183 and 6348819.
183
Calculate the greatest common divisor of 3 and 830592.
3
What is the greatest common divisor of 935700 and 4500?
300
What is the greatest common factor of 112 and 4988144?
112
Calculate the highest common divisor of 151095 and 28.
7
Calculate the highest common factor of 73724 and 161.
7
What is the greatest common factor of 973 and 4031?
139
What is the greatest common divisor of 968760 and 52?
52
Calculate the highest common divisor of 1222 and 65.
13
What is the highest common divisor of 28189 and 371?
7
Calculate the greatest common divisor of 469 and 3934.
7
Calculate the greatest common divisor of 133896 and 168.
168
Calculate the greatest common factor of 5832 and 1404.
108
Calculate the greatest common divisor of 1391793 and 507.
39
What is the greatest common factor of 25 and 1559900?
25
Calculate the greatest common divisor of 182316 and 12.
12
Calculate the greatest common divisor of 103 and 515.
103
Calculate the highest common factor of 2577712 and 124.
124
What is the highest common factor of 3104 and 4600904?
776
Calculate the highest common divisor of 17 and 28632913.
17
Calculate the greatest common divisor of 81184 and 17200.
688
What is the greatest common factor of 12 and 7723140?
12
Calculate the greatest common divisor of 4175 and 65.
5
Calculate the greatest common factor of 4 and 59308.
4
What is the greatest common factor of 74282 and 52?
26
What is the greatest common factor of 261322 and 2702?
386
What is the highest common factor of 39663 and 26?
13
What is the greatest common divisor of 3143 and 308?
7
Calculate the greatest common factor of 339 and 19.
1
What is the highest common factor of 1884 and 14502?
6
What is the greatest common divisor of 192 and 446?
2
Calculate the greatest common divisor of 5240 and 200.
40
Calculate the highest common divisor of 97704 and 345.
69
What is the highest common factor of 832 and 65?
13
What is the greatest common factor of 13680 and 744?
24
Calculate the greatest common divisor of 92 and 30475.
23
What is the highest common divisor of 1981376 and 128?
64
Calculate the highest common divisor of 818161 and 38743.
2279
What is the highest common factor of 1820 and 148120?
140
Calculate the highest common factor of 612 and 17784108.
612
What is the highest common factor of 240 and 126?
6
Calculate the greatest common factor of 2226 and 51569.
371
Calculate the greatest common factor of 43 and 521.
1
Calculate the highest common divisor of 43522 and 1222.
94
Calculate the greatest common divisor of 2270352 and 49.
7
What is the highest common divisor of 7821 and 176?
11
Calculate the highest common divisor of 23008 and 368.
16
Calculate the highest common factor of 2033 and 2996.
107
Calculate the greatest common divisor of 848 and 12220528.
848
Calculate the highest common factor of 8515 and 3380.
65
What is the greatest common divisor of 840 and 60620?
140
What is the highest common factor of 1666 and 46158?
98
What is the greatest common factor of 13024 and 704?
352
What is the highest common factor of 14732 and 5842?
254
What is the greatest common factor of 9044 and 50932?
476
What is the highest common divisor of 2401 and 581?
7
What is the greatest common factor of 1376 and 258?
86
What is the highest common divisor of 5973 and 165?
33
What is the highest common divisor of 132 and 2598684?
132
Calculate the greatest common divisor of 176 and 4906.
22
Calculate the highest common divisor of 47792 and 618.
206
What is the greatest common factor of 56304 and 14720?
368
Calculate the greatest common factor of 23471 and 245.
49
Calculate the greatest common factor of 1268 and 628.
4
Calculate the highest common factor of 105 and 1148.
7
What is the greatest common divisor of 1653 and 57?
57
What is the highest common factor of 6111 and 1342383?
2037
What is the greatest common factor of 14 and 377258?
14
What is the highest common factor of 117 and 32201?
13
What is the highest common divisor of 159663 and 21?
21
What is the highest common factor of 498 and 1542?
6
Calculate the greatest common divisor of 3938 and 3401.
179
Calculate the highest common divisor of 46969 and 1027.
13
Calculate the highest common factor of 196 and 34090.
14
Calculate the greatest common factor of 350 and 22365.
35
Calculate the greatest common factor of 137754 and 135.
27
Calculate the greatest common factor of 92 and 28957.
23
What is the greatest common factor of 20 and 35?
5
Calculate the highest common factor of 43484 and 14.
14
What is the highest common factor of 65 and 5620?
5
Calculate the highest common divisor of 4411 and 2497.
11
Calculate the greatest common divisor of 8360 and 23560.
760
What is the greatest common factor of 183 and 39467?
61
Calculate the highest common divisor of 390 and 20982.
78
What is the greatest common factor of 25016 and 6608?
472
Calculate the greatest common factor of 972 and 74439.
81
Calculate the greatest common divisor of 195 and 1305.
15
Calculate the highest common divisor of 5472 and 832.
32
What is the greatest common factor of 12201 and 119437?
83
Calculate the highest common divisor of 30468 and 36.
12
What is the greatest common factor of 36804 and 12?
12
Calculate the greatest common factor of 288 and 30336.
96
What is the greatest common divisor of 229 and 645322?
229
Calculate the highest common factor of 77480 and 455.
65
What is the highest common factor of 89608 and 161?
23
What is the greatest common divisor of 45935 and 410?
5
Calculate the highest common factor of 92 and 7314.
46
What is the highest common factor of 117 and 237757?
13
What is the greatest common divisor of 10807 and 1111?
101
What is the greatest common divisor of 7964 and 30404?
44
Calculate the greatest common divisor of 29891 and 421.
421
What is the highest common divisor of 75426 and 234?
78
Calculate the highest common divisor of 12532 and 68.
4
Calculate the greatest common divisor of 1026 and 4023.
27
Calculate the highest common factor of 102026 and 36700.
734
Calculate the greatest common divisor of 165 and 3645.
15
What is the greatest common divisor of 522873 and 24723?
369
Calculate the greatest common divisor of 2304 and 2672.
16
What is the greatest common divisor of 1 and 32783?
1
Calculate the highest common divisor of 20 and 164530.
10
Calculate the greatest common divisor of 65 and 133445.
65
Calculate the greatest common divisor of 743105 and 687.
229
Calculate the highest common divisor of 11844 and 28576.
188
Calculate the highest common divisor of 3078 and 61218.
342
Calculate the greatest common divisor of 70623 and 2124.
531
What is the greatest common divisor of 1482 and 103398?
114
What is the highest common factor of 2926 and 462?
154
What is the highest common divisor of 4475 and 1366665?
895
What is the highest common divisor of 294494 and 458?
458
Calculate the greatest common factor of 3074 and 7844.
106
What is the highest common divisor of 10 and 335050?
10
Calculate the highest common factor of 51506 and 28.
14
What is the highest common divisor of 1236821 and 174?
29
Calculate the highest co